{"id":907,"date":"2021-10-11T16:13:40","date_gmt":"2021-10-11T14:13:40","guid":{"rendered":"https:\/\/ffk.demo.jonasled.de\/?page_id=907"},"modified":"2022-01-19T18:47:46","modified_gmt":"2022-01-19T17:47:46","slug":"impressum","status":"publish","type":"page","link":"https:\/\/ffk.demo.jonasled.de\/index.php\/impressum\/","title":{"rendered":"Impressum"},"content":{"rendered":"\n<h2 class=\"wp-block-heading\">Kontakt<\/h2>\n\n\n\n<p>Freiwillige Feuerwehr Ketsch<br>Kommandant: Sven Schmitt<br>J\u00e4gerndorferstra\u00dfe 1<br>68775 Ketsch<br><a href=\"mailto:kommandant@feuerwehr-ketsch.de\">kommandant@feuerwehr-ketsch.de<\/a><\/p>\n\n\n\n<h2 class=\"wp-block-heading\">Aufbau und Inhalt<\/h2>\n\n\n\n<p>Socialmedia Team der Feuerwehr Ketsch<br><a href=\"mailto:mediateam@feuerwehr-ketsch.de\">mediateam@feuerwehr-ketsch.de<\/a><\/p>\n\n\n\n<p>Die Freiwillige Feuerwehr Ketsch ist eine gemeinn\u00fctzige, der N\u00e4chstenhilfe dienende Einrichtung der <a href=\"http:\/\/www.ketsch.de\">Gemeinde Ketsch<\/a> ohne eigene Rechtspers\u00f6nlichkeit.<\/p>\n\n\n\n<h3 class=\"wp-block-heading\">Urheberrechte:<\/h3>\n\n\n\n<p>Die auf dieser Seite wiedergegebenen Texte, Bilder und audiovisuellen Inhalte sowie das Layout und Design des Dienstes sind urheberechtlich gesch\u00fctzt und d\u00fcrfen ohne vorherige Zustimmung der Feuerwehr Ketsch nicht zu anderen als rein privaten Zwecken verwendet werden. Insbesondere ist eine \u00f6ffentliche Wiedergabe oder Ver\u00e4nderung der Inhalte unzul\u00e4ssig.<\/p>\n\n\n\n<h3 class=\"wp-block-heading\">Nutzrechte:<\/h3>\n\n\n\n<p>Mit dem Zugriff auf die Internetseiten der Feuerwehr Ketsch erkl\u00e4ren Sie Ihr Einverst\u00e4ndnis mit nachstehenden Nutzungsbedingungen: Nutzer, die diese Bedingungen nicht in vollem Umfang anerkennen, ist der Zugriff untersagt. Der Inhalt dieser Seite wird so pr\u00e4sentiert wie er aktuell vorliegt. Weder die Ort Ketsch noch die bei der Seitengestaltung und bei weiteren technischen Internetdiensten beteiligten Personen \u00fcbernehmen &#8211; weder ausdr\u00fccklich noch stillschweigend &#8211; irgendeine Gew\u00e4hrleistung f\u00fcr die Richtigkeit oder Vollst\u00e4ndigkeit des Inhalts dieser Seite, es sei denn, anwendbare Gesetze oder Rechtsprechung schreiben zwingend eine Haftung vor. Die Feuerwehr Ketsch beh\u00e4lt sich das Recht vor, Inhalte jederzeit zu \u00e4ndern oder den Seitenzugriff zu sperren.<\/p>\n\n\n\n<h3 class=\"wp-block-heading\">Haftungsausschluss:<\/h3>\n\n\n\n<p>Trotz sorgf\u00e4ltiger und regelm\u00e4\u00dfiger inhaltlicher Kontrolle \u00fcbernehmen weder der Ort Ketsch noch die an der Seitenerstellung beteiligten Personen eine Verantwortung oder Haftung f\u00fcr die Inhalte der Internetseiten der Feuerwehr Ketsch noch die von Dritten erstellte oder ver\u00f6ffentlichte Informationen, die \u00fcber einen Hyperlink auf diesen Seiten zug\u00e4nglich sind. Das betrifft auch Computerviren und ausf\u00fchrbare Programme, die Ihre Software besch\u00e4digen k\u00f6nnen. Es wird nochmals ausdr\u00fccklich darauf hingewiesen, dass der Ort Ketsch keinerlei Einfluss auf die Gestaltung und die Inhalte der gelinkten Seiten hat. Aus diesem Grund distanzieren wir uns hiermit ausdr\u00fccklich von allen Inhalten gelinkter Seiten und machen uns ihre Inhalte nicht zu Eigen.<br>Diese Erkl\u00e4rung gilt f\u00fcr alle Links und f\u00fcr alle Inhalte der Seiten, zu denen bei uns gelinkte Inhalte f\u00fchren.<\/p>\n\n\n\n<p>Mit der Bereitstellung von Datenmaterial durch Sie, f\u00fcr die Website der Feuerwehr Ketsch, beispielsweise via eMail oder Internetformular, erkl\u00e4ren Sie sich mit den nachstehenden Publikationsbedingungen einverstanden:<\/p>\n\n\n\n<ul class=\"wp-block-list\"><li>Das von Ihnen zur Verf\u00fcgung gestellte Material kann von der Feuerwehr Ketsch ver\u00f6ffentlicht werden und Sie gew\u00e4hrleisten, dass dieses Material f\u00fcr die Ver\u00f6ffentlichung geeignet ist.<\/li><li>Weiterhin verpflichten Sie sich, der Ort Ketsch von Schadenersatzanspr\u00fcchen Dritter freizustellen, die diese aufgrund Ihres Materials gegen\u00fcber dem Ort Ketsch erheben und Sie erkl\u00e4ren sich bereit, keinerlei Anspr\u00fcche, gleich aus welchen Rechtsgrund aufgrund des betreffenden Materials gegen\u00fcber dem Ort Ketsch geltend zu machen.<\/li><\/ul>\n","protected":false},"excerpt":{"rendered":"<p>Kontakt Freiwillige Feuerwehr KetschKommandant: Sven SchmittJ\u00e4gerndorferstra\u00dfe 168775 Ketschkommandant@feuerwehr-ketsch.de Aufbau und Inhalt Socialmedia Team der Feuerwehr Ketschmediateam@feuerwehr-ketsch.de Die Freiwillige Feuerwehr Ketsch ist eine gemeinn\u00fctzige, der N\u00e4chstenhilfe dienende Einrichtung der Gemeinde Ketsch ohne eigene Rechtspers\u00f6nlichkeit. Urheberrechte: Die auf dieser Seite wiedergegebenen Texte, Bilder und audiovisuellen Inhalte sowie das Layout und Design des Dienstes sind urheberechtlich gesch\u00fctzt und [&hellip;]<\/p>\n","protected":false},"author":1,"featured_media":0,"parent":0,"menu_order":0,"comment_status":"closed","ping_status":"closed","template":"","meta":{"footnotes":""},"class_list":["post-907","page","type-page","status-publish","hentry"],"_links":{"self":[{"href":"https:\/\/ffk.demo.jonasled.de\/index.php\/wp-json\/wp\/v2\/pages\/907","targetHints":{"allow":["GET"]}}],"collection":[{"href":"https:\/\/ffk.demo.jonasled.de\/index.php\/wp-json\/wp\/v2\/pages"}],"about":[{"href":"https:\/\/ffk.demo.jonasled.de\/index.php\/wp-json\/wp\/v2\/types\/page"}],"author":[{"embeddable":true,"href":"https:\/\/ffk.demo.jonasled.de\/index.php\/wp-json\/wp\/v2\/users\/1"}],"replies":[{"embeddable":true,"href":"https:\/\/ffk.demo.jonasled.de\/index.php\/wp-json\/wp\/v2\/comments?post=907"}],"version-history":[{"count":6,"href":"https:\/\/ffk.demo.jonasled.de\/index.php\/wp-json\/wp\/v2\/pages\/907\/revisions"}],"predecessor-version":[{"id":1098,"href":"https:\/\/ffk.demo.jonasled.de\/index.php\/wp-json\/wp\/v2\/pages\/907\/revisions\/1098"}],"wp:attachment":[{"href":"https:\/\/ffk.demo.jonasled.de\/index.php\/wp-json\/wp\/v2\/media?parent=907"}],"curies":[{"name":"wp","href":"https:\/\/api.w.org\/{rel}","templated":true}]}}