{"id":1532,"date":"2022-08-24T08:09:00","date_gmt":"2022-08-24T06:09:00","guid":{"rendered":"https:\/\/ffk.demo.jonasled.de\/?post_type=einsatz&#038;p=1532"},"modified":"2022-08-31T14:15:05","modified_gmt":"2022-08-31T12:15:05","slug":"wasserrettung-rheinalarm-4","status":"publish","type":"einsatz","link":"https:\/\/ffk.demo.jonasled.de\/index.php\/einsatzberichte\/wasserrettung-rheinalarm-4\/","title":{"rendered":"Wasserrettung (Rheinalarm)"},"content":{"rendered":"\n<p>Auf dem Rhein bei Altlu\u00dfheim wurde eine leblose Person im Wasser gemeldet. Umgehend fuhr die Feuerwehr Ketsch an den Rhein und lie\u00df auf H\u00f6he der Rheininsel das Boot zu Wasser. W\u00e4hrend sich die Kr\u00e4fte schon auf dem Wasser in Richtung Altlu\u00dfheim befanden, wurde der Einsatz abgebrochen, da die Person von einem anderem Boot bereits geborgen wurde.<\/p>\n","protected":false},"author":1,"featured_media":0,"template":"","meta":{"einsatz_weight":1,"footnotes":""},"categories":[],"einsatzart":[],"fahrzeug":[53,56,54,61,59,57],"exteinsatzmittel":[],"alarmierungsart":[],"evw_unit":[],"class_list":["post-1532","einsatz","type-einsatz","status-publish","hentry","fahrzeug-elw","fahrzeug-gw-l-2","fahrzeug-lf-16-12","fahrzeug-mtw-2","fahrzeug-rtb","fahrzeug-rw-1"],"_links":{"self":[{"href":"https:\/\/ffk.demo.jonasled.de\/index.php\/wp-json\/wp\/v2\/einsatz\/1532","targetHints":{"allow":["GET"]}}],"collection":[{"href":"https:\/\/ffk.demo.jonasled.de\/index.php\/wp-json\/wp\/v2\/einsatz"}],"about":[{"href":"https:\/\/ffk.demo.jonasled.de\/index.php\/wp-json\/wp\/v2\/types\/einsatz"}],"author":[{"embeddable":true,"href":"https:\/\/ffk.demo.jonasled.de\/index.php\/wp-json\/wp\/v2\/users\/1"}],"version-history":[{"count":1,"href":"https:\/\/ffk.demo.jonasled.de\/index.php\/wp-json\/wp\/v2\/einsatz\/1532\/revisions"}],"predecessor-version":[{"id":1533,"href":"https:\/\/ffk.demo.jonasled.de\/index.php\/wp-json\/wp\/v2\/einsatz\/1532\/revisions\/1533"}],"wp:attachment":[{"href":"https:\/\/ffk.demo.jonasled.de\/index.php\/wp-json\/wp\/v2\/media?parent=1532"}],"wp:term":[{"taxonomy":"category","embeddable":true,"href":"https:\/\/ffk.demo.jonasled.de\/index.php\/wp-json\/wp\/v2\/categories?post=1532"},{"taxonomy":"einsatzart","embeddable":true,"href":"https:\/\/ffk.demo.jonasled.de\/index.php\/wp-json\/wp\/v2\/einsatzart?post=1532"},{"taxonomy":"fahrzeug","embeddable":true,"href":"https:\/\/ffk.demo.jonasled.de\/index.php\/wp-json\/wp\/v2\/fahrzeug?post=1532"},{"taxonomy":"exteinsatzmittel","embeddable":true,"href":"https:\/\/ffk.demo.jonasled.de\/index.php\/wp-json\/wp\/v2\/exteinsatzmittel?post=1532"},{"taxonomy":"alarmierungsart","embeddable":true,"href":"https:\/\/ffk.demo.jonasled.de\/index.php\/wp-json\/wp\/v2\/alarmierungsart?post=1532"},{"taxonomy":"evw_unit","embeddable":true,"href":"https:\/\/ffk.demo.jonasled.de\/index.php\/wp-json\/wp\/v2\/evw_unit?post=1532"}],"curies":[{"name":"wp","href":"https:\/\/api.w.org\/{rel}","templated":true}]}}

<p>Auf dem Rhein bei Altlußheim wurde eine leblose Person im Wasser gemeldet. Umgehend fuhr die Feuerwehr Ketsch an den Rhein und ließ auf Höhe der Rheininsel das Boot zu Wasser. Während sich die Kräfte schon auf dem Wasser in Richtung Altlußheim befanden, wurde der Einsatz abgebrochen, da die Person von einem anderem Boot bereits geborgen wurde.</p>
