{"id":1526,"date":"2022-08-19T03:24:00","date_gmt":"2022-08-19T01:24:00","guid":{"rendered":"https:\/\/ffk.demo.jonasled.de\/?post_type=einsatz&#038;p=1526"},"modified":"2022-08-31T14:10:48","modified_gmt":"2022-08-31T12:10:48","slug":"notfalltueroeffnung-3","status":"publish","type":"einsatz","link":"https:\/\/ffk.demo.jonasled.de\/index.php\/einsatzberichte\/notfalltueroeffnung-3\/","title":{"rendered":"Notfallt\u00fcr\u00f6ffnung"},"content":{"rendered":"\n<p>Wegen des Verdachts einer hilflosen Lage wurde die Feuerwehr Ketsch zu einer Notfallt\u00fcr\u00f6ffnung f\u00fcr den Rettungsdienst alarmiert. Durch ein offenes Fenster konnten wir uns Zugang ins Haus schaffen. Nach kurzer Suche durch die Polizei konnte die Frau wohlauf im Schlafzimmer vorgefunden werden. F\u00fcr uns gab es keine T\u00e4tigkeiten und somit r\u00fcckten wir wieder ein.<\/p>\n","protected":false},"author":1,"featured_media":0,"template":"","meta":{"einsatz_weight":1,"footnotes":""},"categories":[],"einsatzart":[],"fahrzeug":[53,50,57],"exteinsatzmittel":[],"alarmierungsart":[],"evw_unit":[],"class_list":["post-1526","einsatz","type-einsatz","status-publish","hentry","fahrzeug-elw","fahrzeug-lf20","fahrzeug-rw-1"],"_links":{"self":[{"href":"https:\/\/ffk.demo.jonasled.de\/index.php\/wp-json\/wp\/v2\/einsatz\/1526","targetHints":{"allow":["GET"]}}],"collection":[{"href":"https:\/\/ffk.demo.jonasled.de\/index.php\/wp-json\/wp\/v2\/einsatz"}],"about":[{"href":"https:\/\/ffk.demo.jonasled.de\/index.php\/wp-json\/wp\/v2\/types\/einsatz"}],"author":[{"embeddable":true,"href":"https:\/\/ffk.demo.jonasled.de\/index.php\/wp-json\/wp\/v2\/users\/1"}],"version-history":[{"count":1,"href":"https:\/\/ffk.demo.jonasled.de\/index.php\/wp-json\/wp\/v2\/einsatz\/1526\/revisions"}],"predecessor-version":[{"id":1527,"href":"https:\/\/ffk.demo.jonasled.de\/index.php\/wp-json\/wp\/v2\/einsatz\/1526\/revisions\/1527"}],"wp:attachment":[{"href":"https:\/\/ffk.demo.jonasled.de\/index.php\/wp-json\/wp\/v2\/media?parent=1526"}],"wp:term":[{"taxonomy":"category","embeddable":true,"href":"https:\/\/ffk.demo.jonasled.de\/index.php\/wp-json\/wp\/v2\/categories?post=1526"},{"taxonomy":"einsatzart","embeddable":true,"href":"https:\/\/ffk.demo.jonasled.de\/index.php\/wp-json\/wp\/v2\/einsatzart?post=1526"},{"taxonomy":"fahrzeug","embeddable":true,"href":"https:\/\/ffk.demo.jonasled.de\/index.php\/wp-json\/wp\/v2\/fahrzeug?post=1526"},{"taxonomy":"exteinsatzmittel","embeddable":true,"href":"https:\/\/ffk.demo.jonasled.de\/index.php\/wp-json\/wp\/v2\/exteinsatzmittel?post=1526"},{"taxonomy":"alarmierungsart","embeddable":true,"href":"https:\/\/ffk.demo.jonasled.de\/index.php\/wp-json\/wp\/v2\/alarmierungsart?post=1526"},{"taxonomy":"evw_unit","embeddable":true,"href":"https:\/\/ffk.demo.jonasled.de\/index.php\/wp-json\/wp\/v2\/evw_unit?post=1526"}],"curies":[{"name":"wp","href":"https:\/\/api.w.org\/{rel}","templated":true}]}}

Notfalltüröffnung

<p>Wegen des Verdachts einer hilflosen Lage wurde die Feuerwehr Ketsch zu einer Notfalltüröffnung für den Rettungsdienst alarmiert. Durch ein offenes Fenster konnten wir uns Zugang ins Haus schaffen. Nach kurzer Suche durch die Polizei konnte die Frau wohlauf im Schlafzimmer vorgefunden werden. Für uns gab es keine Tätigkeiten und somit rückten wir wieder ein.</p>
