{"id":1245,"date":"2022-05-07T22:04:00","date_gmt":"2022-05-07T20:04:00","guid":{"rendered":"https:\/\/ffk.demo.jonasled.de\/?post_type=einsatz&#038;p=1245"},"modified":"2022-06-16T15:10:40","modified_gmt":"2022-06-16T13:10:40","slug":"tueroeffnung-med-notfall","status":"publish","type":"einsatz","link":"https:\/\/ffk.demo.jonasled.de\/index.php\/einsatzberichte\/tueroeffnung-med-notfall\/","title":{"rendered":"T\u00fcr\u00f6ffnung med. Notfall"},"content":{"rendered":"\n<p>T\u00fcr war bei Ankunft durch die Polizei schon ge\u00f6ffnet, daher keine T\u00e4tigkeit f\u00fcr die Feuerwehr Ketsch erforderlich.<\/p>\n","protected":false},"author":1,"featured_media":0,"template":"","meta":{"einsatz_weight":1,"footnotes":""},"categories":[],"einsatzart":[52],"fahrzeug":[53,50,57],"exteinsatzmittel":[],"alarmierungsart":[],"evw_unit":[],"class_list":["post-1245","einsatz","type-einsatz","status-publish","hentry","einsatzart-hilfeleistung","fahrzeug-elw","fahrzeug-lf20","fahrzeug-rw-1"],"_links":{"self":[{"href":"https:\/\/ffk.demo.jonasled.de\/index.php\/wp-json\/wp\/v2\/einsatz\/1245","targetHints":{"allow":["GET"]}}],"collection":[{"href":"https:\/\/ffk.demo.jonasled.de\/index.php\/wp-json\/wp\/v2\/einsatz"}],"about":[{"href":"https:\/\/ffk.demo.jonasled.de\/index.php\/wp-json\/wp\/v2\/types\/einsatz"}],"author":[{"embeddable":true,"href":"https:\/\/ffk.demo.jonasled.de\/index.php\/wp-json\/wp\/v2\/users\/1"}],"version-history":[{"count":1,"href":"https:\/\/ffk.demo.jonasled.de\/index.php\/wp-json\/wp\/v2\/einsatz\/1245\/revisions"}],"predecessor-version":[{"id":1246,"href":"https:\/\/ffk.demo.jonasled.de\/index.php\/wp-json\/wp\/v2\/einsatz\/1245\/revisions\/1246"}],"wp:attachment":[{"href":"https:\/\/ffk.demo.jonasled.de\/index.php\/wp-json\/wp\/v2\/media?parent=1245"}],"wp:term":[{"taxonomy":"category","embeddable":true,"href":"https:\/\/ffk.demo.jonasled.de\/index.php\/wp-json\/wp\/v2\/categories?post=1245"},{"taxonomy":"einsatzart","embeddable":true,"href":"https:\/\/ffk.demo.jonasled.de\/index.php\/wp-json\/wp\/v2\/einsatzart?post=1245"},{"taxonomy":"fahrzeug","embeddable":true,"href":"https:\/\/ffk.demo.jonasled.de\/index.php\/wp-json\/wp\/v2\/fahrzeug?post=1245"},{"taxonomy":"exteinsatzmittel","embeddable":true,"href":"https:\/\/ffk.demo.jonasled.de\/index.php\/wp-json\/wp\/v2\/exteinsatzmittel?post=1245"},{"taxonomy":"alarmierungsart","embeddable":true,"href":"https:\/\/ffk.demo.jonasled.de\/index.php\/wp-json\/wp\/v2\/alarmierungsart?post=1245"},{"taxonomy":"evw_unit","embeddable":true,"href":"https:\/\/ffk.demo.jonasled.de\/index.php\/wp-json\/wp\/v2\/evw_unit?post=1245"}],"curies":[{"name":"wp","href":"https:\/\/api.w.org\/{rel}","templated":true}]}}

Türöffnung med. Notfall

<p>Tür war bei Ankunft durch die Polizei schon geöffnet, daher keine Tätigkeit für die Feuerwehr Ketsch erforderlich.</p>
