{"id":1209,"date":"2022-03-08T22:34:00","date_gmt":"2022-03-08T21:34:00","guid":{"rendered":"https:\/\/ffk.demo.jonasled.de\/?post_type=einsatz&#038;p=1209"},"modified":"2022-07-07T19:18:32","modified_gmt":"2022-07-07T17:18:32","slug":"tueroeffnung-2","status":"publish","type":"einsatz","link":"https:\/\/ffk.demo.jonasled.de\/index.php\/einsatzberichte\/tueroeffnung-2\/","title":{"rendered":"T\u00fcr\u00f6ffnung"},"content":{"rendered":"\n<p>Heute abend wurden wir zu einer Notfall- T\u00fcr\u00f6ffnung alarmiert. Die T\u00fcr wurde mit einfachen Mitteln ge\u00f6ffnet und somit dem Rettungsdienst Zugang zur Person geschaffen.<\/p>\n","protected":false},"author":1,"featured_media":0,"template":"","meta":{"einsatz_weight":1,"footnotes":""},"categories":[],"einsatzart":[52],"fahrzeug":[53,50,57],"exteinsatzmittel":[],"alarmierungsart":[],"evw_unit":[],"class_list":["post-1209","einsatz","type-einsatz","status-publish","hentry","einsatzart-hilfeleistung","fahrzeug-elw","fahrzeug-lf20","fahrzeug-rw-1"],"_links":{"self":[{"href":"https:\/\/ffk.demo.jonasled.de\/index.php\/wp-json\/wp\/v2\/einsatz\/1209","targetHints":{"allow":["GET"]}}],"collection":[{"href":"https:\/\/ffk.demo.jonasled.de\/index.php\/wp-json\/wp\/v2\/einsatz"}],"about":[{"href":"https:\/\/ffk.demo.jonasled.de\/index.php\/wp-json\/wp\/v2\/types\/einsatz"}],"author":[{"embeddable":true,"href":"https:\/\/ffk.demo.jonasled.de\/index.php\/wp-json\/wp\/v2\/users\/1"}],"version-history":[{"count":1,"href":"https:\/\/ffk.demo.jonasled.de\/index.php\/wp-json\/wp\/v2\/einsatz\/1209\/revisions"}],"predecessor-version":[{"id":1210,"href":"https:\/\/ffk.demo.jonasled.de\/index.php\/wp-json\/wp\/v2\/einsatz\/1209\/revisions\/1210"}],"wp:attachment":[{"href":"https:\/\/ffk.demo.jonasled.de\/index.php\/wp-json\/wp\/v2\/media?parent=1209"}],"wp:term":[{"taxonomy":"category","embeddable":true,"href":"https:\/\/ffk.demo.jonasled.de\/index.php\/wp-json\/wp\/v2\/categories?post=1209"},{"taxonomy":"einsatzart","embeddable":true,"href":"https:\/\/ffk.demo.jonasled.de\/index.php\/wp-json\/wp\/v2\/einsatzart?post=1209"},{"taxonomy":"fahrzeug","embeddable":true,"href":"https:\/\/ffk.demo.jonasled.de\/index.php\/wp-json\/wp\/v2\/fahrzeug?post=1209"},{"taxonomy":"exteinsatzmittel","embeddable":true,"href":"https:\/\/ffk.demo.jonasled.de\/index.php\/wp-json\/wp\/v2\/exteinsatzmittel?post=1209"},{"taxonomy":"alarmierungsart","embeddable":true,"href":"https:\/\/ffk.demo.jonasled.de\/index.php\/wp-json\/wp\/v2\/alarmierungsart?post=1209"},{"taxonomy":"evw_unit","embeddable":true,"href":"https:\/\/ffk.demo.jonasled.de\/index.php\/wp-json\/wp\/v2\/evw_unit?post=1209"}],"curies":[{"name":"wp","href":"https:\/\/api.w.org\/{rel}","templated":true}]}}

Türöffnung

<p>Heute abend wurden wir zu einer Notfall- Türöffnung alarmiert. Die Tür wurde mit einfachen Mitteln geöffnet und somit dem Rettungsdienst Zugang zur Person geschaffen.</p>
