{"id":1188,"date":"2022-02-12T12:08:00","date_gmt":"2022-02-12T11:08:00","guid":{"rendered":"https:\/\/ffk.demo.jonasled.de\/?post_type=einsatz&#038;p=1188"},"modified":"2022-07-07T19:16:26","modified_gmt":"2022-07-07T17:16:26","slug":"privater-heimrauchmelder","status":"publish","type":"einsatz","link":"https:\/\/ffk.demo.jonasled.de\/index.php\/einsatzberichte\/privater-heimrauchmelder\/","title":{"rendered":"Privater Heimrauchmelder"},"content":{"rendered":"\n<p>Zu einem ausgel\u00f6sten Rauchmelder wurden wir am fr\u00fchen Mittag alarmiert. Bei der Ankunft wurde eine Starke Rauchentwicklung aus der Kellerwohnung festgestellt. Umgehend wurde ein Trupp mit Atemschutz unter Vornahme eines C-Rohr in die Wohnung geschickt.<\/p>\n\n\n\n<p>Nach kurzer Zeit konnte der Grund f\u00fcr die starke Rauchentwicklung ausfindig gemacht werden. Es handelte sich dabei um angebranntes Essen.<\/p>\n\n\n\n<p>Das angebrannte Essen wurde in das freie gebracht und dort abgel\u00f6scht. Verletzt wurde niemand. Die Wohnung wurde anschlie\u00dfend bel\u00fcftet. Und die Einsatzstelle an die Polizei \u00fcbergeben.<\/p>\n","protected":false},"author":1,"featured_media":0,"template":"","meta":{"einsatz_weight":1,"footnotes":""},"categories":[],"einsatzart":[51],"fahrzeug":[53,56,54,50,57],"exteinsatzmittel":[],"alarmierungsart":[],"evw_unit":[],"class_list":["post-1188","einsatz","type-einsatz","status-publish","hentry","einsatzart-brandalarm","fahrzeug-elw","fahrzeug-gw-l-2","fahrzeug-lf-16-12","fahrzeug-lf20","fahrzeug-rw-1"],"_links":{"self":[{"href":"https:\/\/ffk.demo.jonasled.de\/index.php\/wp-json\/wp\/v2\/einsatz\/1188","targetHints":{"allow":["GET"]}}],"collection":[{"href":"https:\/\/ffk.demo.jonasled.de\/index.php\/wp-json\/wp\/v2\/einsatz"}],"about":[{"href":"https:\/\/ffk.demo.jonasled.de\/index.php\/wp-json\/wp\/v2\/types\/einsatz"}],"author":[{"embeddable":true,"href":"https:\/\/ffk.demo.jonasled.de\/index.php\/wp-json\/wp\/v2\/users\/1"}],"version-history":[{"count":1,"href":"https:\/\/ffk.demo.jonasled.de\/index.php\/wp-json\/wp\/v2\/einsatz\/1188\/revisions"}],"predecessor-version":[{"id":1189,"href":"https:\/\/ffk.demo.jonasled.de\/index.php\/wp-json\/wp\/v2\/einsatz\/1188\/revisions\/1189"}],"wp:attachment":[{"href":"https:\/\/ffk.demo.jonasled.de\/index.php\/wp-json\/wp\/v2\/media?parent=1188"}],"wp:term":[{"taxonomy":"category","embeddable":true,"href":"https:\/\/ffk.demo.jonasled.de\/index.php\/wp-json\/wp\/v2\/categories?post=1188"},{"taxonomy":"einsatzart","embeddable":true,"href":"https:\/\/ffk.demo.jonasled.de\/index.php\/wp-json\/wp\/v2\/einsatzart?post=1188"},{"taxonomy":"fahrzeug","embeddable":true,"href":"https:\/\/ffk.demo.jonasled.de\/index.php\/wp-json\/wp\/v2\/fahrzeug?post=1188"},{"taxonomy":"exteinsatzmittel","embeddable":true,"href":"https:\/\/ffk.demo.jonasled.de\/index.php\/wp-json\/wp\/v2\/exteinsatzmittel?post=1188"},{"taxonomy":"alarmierungsart","embeddable":true,"href":"https:\/\/ffk.demo.jonasled.de\/index.php\/wp-json\/wp\/v2\/alarmierungsart?post=1188"},{"taxonomy":"evw_unit","embeddable":true,"href":"https:\/\/ffk.demo.jonasled.de\/index.php\/wp-json\/wp\/v2\/evw_unit?post=1188"}],"curies":[{"name":"wp","href":"https:\/\/api.w.org\/{rel}","templated":true}]}}

<p>Zu einem ausgelösten Rauchmelder wurden wir am frühen Mittag alarmiert. Bei der Ankunft wurde eine Starke Rauchentwicklung aus der Kellerwohnung festgestellt. Umgehend wurde ein Trupp mit Atemschutz unter Vornahme eines C-Rohr in die Wohnung geschickt.</p>



<p>Nach kurzer Zeit konnte der Grund für die starke Rauchentwicklung ausfindig gemacht werden. Es handelte sich dabei um angebranntes Essen.</p>



<p>Das angebrannte Essen wurde in das freie gebracht und dort abgelöscht. Verletzt wurde niemand. Die Wohnung wurde anschließend belüftet. Und die Einsatzstelle an die Polizei übergeben.</p>
